ime factors of 53581059.
3, 7, 17, 1021
What are the prime factors of 1711712135?
5, 7, 113, 432797
List the prime factors of 2336603771.
2336603771
List the prime factors of 1086880329.
3, 17, 2367931
What are the prime factors of 1494557932?
2, 7, 277, 192697
What are the prime factors of 12342834?
2, 3, 7, 32653
List the prime factors of 3683751965.
5, 167, 4411679
What are the prime factors of 3663478884?
2, 3, 13, 653, 35963
What are the prime factors of 435866207?
7, 101, 616501
What are the prime factors of 730727858?
2, 7, 52194847
List the prime factors of 976700063.
37, 26397299
List the prime factors of 186573077.
186573077
List the prime factors of 326303575.
5, 13, 71, 79, 179
What are the prime factors of 890534960?
2, 5, 7, 1590241
List the prime factors of 3043580080.
2, 5, 971, 39181
What are the prime factors of 80689169?
11, 7335379
What are the prime factors of 393462402?
2, 3, 199, 329533
List the prime factors of 1288844067.
3, 7, 239, 491, 523
List the prime factors of 562928187.
3, 11657, 16097
List the prime factors of 75866328.
2, 3, 23, 15271
List the prime factors of 1183897927.
1183897927
What are the prime factors of 96459522?
2, 3, 16076587
List the prime factors of 52311406.
2, 7, 59, 63331
List the prime factors of 13836491.
107, 129313
List the prime factors of 1770857765.
5, 17291, 20483
What are the prime factors of 36690714?
2, 3, 2038373
What are the prime factors of 882953867?
882953867
List the prime factors of 1135963394.
2, 567981697
List the prime factors of 1683552479.
7, 240507497
List the prime factors of 30859413.
3, 13, 463, 1709
What are the prime factors of 484369179?
3, 7, 23065199
List the prime factors of 44789650.
2, 5, 19, 47147
List the prime factors of 448431336.
2, 3, 2076071
What are the prime factors of 2818465225?
5, 19, 79, 75109
List the prime factors of 141805855.
5, 28361171
List the prime factors of 2389600055.
5, 277, 1725343
What are the prime factors of 2204555896?
2, 41, 6721207
What are the prime factors of 55036344?
2, 3, 11, 17, 12263
List the prime factors of 25802061.
3, 37, 232451
What are the prime factors of 954536527?
7, 1487, 91703
List the prime factors of 5180383.
13, 398491
What are the prime factors of 199909508?
2, 67, 745931
List the prime factors of 507551955.
3, 5, 157, 215521
List the prime factors of 50457115.
5, 10091423
What are the prime factors of 3853577279?
28541, 135019
What are the prime factors of 251189621?
31, 113, 71707
What are the prime factors of 3648640069?
1549, 2355481
List the prime factors of 49009136.
2, 11, 23, 12107
List the prime factors of 14974723.
167, 89669
List the prime factors of 338490407.
29, 89, 313, 419
What are the prime factors of 1445701073?
1181, 1224133
What are the prime factors of 406103140?
2, 5, 17, 1194421
List the prime factors of 268168491.
3, 71, 307, 1367
What are the prime factors of 844696742?
2, 31, 367, 37123
List the prime factors of 48254315.
5, 151, 63913
List the prime factors of 100289914.
2, 71, 706267
What are the prime factors of 41411747?
13, 47, 67777
List the prime factors of 115851715.
5, 7, 3310049
List the prime factors of 2893108527.
3, 29, 11084707
What are the prime factors of 13112868?
2, 3, 59, 18521
What are the prime factors of 1220819046?
2, 3, 19, 10708939
What are the prime factors of 1667784961?
103, 16192087
List the prime factors of 448100296.
2, 7, 1143113
List the prime factors of 54563134.
2, 27281567
What are the prime factors of 2047511764?
2, 2239, 228619
List the prime factors of 235337485.
5, 47067497
List the prime factors of 54886095.
3, 5, 11, 110881
What are the prime factors of 1420575908?
2, 101, 3516277
List the prime factors of 513174703.
2473, 207511
List the prime factors of 376197749.
83, 89, 127, 401
What are the prime factors of 375268971?
3, 7, 11, 691, 2351
List the prime factors of 40638617.
37, 1098341
What are the prime factors of 246974?
2, 7, 13, 23, 59
What are the prime factors of 1370991168?
2, 3, 271, 8783
List the prime factors of 257069642.
2, 827, 155423
List the prime factors of 181251458.
2, 47, 1928207
List the prime factors of 159463685.
5, 67, 619, 769
What are the prime factors of 7095961?
7095961
What are the prime factors of 1033062871?
23, 44915777
What are the prime factors of 53802627?
3, 29, 618421
What are the prime factors of 284380123?
284380123
What are the prime factors of 516488334?
2, 3, 31, 97, 28627
List the prime factors of 150768033.
3, 13, 3865847
List the prime factors of 17508450.
2, 3, 5, 151, 773
What are the prime factors of 359660197?
13, 27666169
List the prime factors of 889382620.
2, 5, 7, 173, 36721
List the prime factors of 54672749.
54672749
List the prime factors of 108314462.
2, 317, 170843
List the prime factors of 52411234.
2, 19, 59, 97, 241
What are the prime factors of 7216884514?
2, 7, 1663, 309977
What are the prime factors of 71766769?
41, 1750409
What are the prime factors of 1376629000?
2, 5, 331, 4159
List the prime factors of 36680818.
2, 18340409
What are the prime factors of 745465020?
2, 3, 5, 3067, 4051
What are the prime factors of 54051362?
2, 101, 267581
What are the prime factors of 2844930634?
2, 7, 13, 15631487
What are the prime factors of 1029357709?
23, 149, 300367
List the prime factors of 276535781.
276535781
List the prime factors of 397816427.
83, 313, 15313
What are the prime factors of 6929597?
137, 50581
What are the prime factors of 30380955?
3, 5, 11, 17, 10831
What are the prime factors of 66462377?
66462377
List the prime factors of 492081030.
2, 3, 5, 7, 241, 463
List the prime factors of 78474038.
2, 1103, 35573
List the prime factors of 39288616.
2, 47, 104491
List the prime factors of 2861000367.
3, 53, 17993713
What are the prime factors of 96995940?
2, 3, 5, 71, 22769
What are the prime factors of 180421302?
2, 3, 19, 31, 2687
What are the prime factors of 4952243711?
23743, 208577
What are the prime factors of 40221099?
3, 17, 262883
List the prime factors of 54595027.
54595027
List the prime factors of 6708216179.
7, 23, 5952277
What are the prime factors of 21075413?
21075413
List the prime factors of 355782616.
2, 7, 6353261
What are the prime factors of 20659646?
2, 7, 907, 1627
What are the prime factors of 141289493?
1361, 103813
List the prime factors of 52670687.
229, 230003
What are the prime factors of 1000765361?
1000765361
List the prime factors of 198735017.
13, 31, 493139
What are the prime factors of 66768589?
59, 1131671
List the prime factors of 105456000.
2, 3, 5, 13
List the prime factors of 67332849.
3, 1997, 11239
List the prime factors of 194621268.
2, 3, 43, 377173
List the prime factors of 14363440.
2, 5, 7, 13, 1973
What are the prime factors of 3325355128?
2, 415669391
What are the prime factors of 4931120969?
64937, 75937
What are the prime factors of 133708961?
17, 271, 29023
List the prime factors of 144249028.
2, 7, 11, 103, 4547
What are the prime factors of 121703700?
2, 3, 5, 405679
What are the prime factors of 13386977?
577, 23201
What are the prime factors of 858752382?
2, 3, 17, 8419141
What are the prime factors of 23696145?
3, 5, 11, 197
List the prime factors of 38276043.
3, 13, 981437
What are the prime factors of 92818126?
2, 37, 197, 6367
List the prime factors of 139684455.
3, 5, 3104099
What are the prime factors of 2771893794?
2, 3, 241, 1916939
What are the prime factors of 30814776?
2, 3, 331, 431
What are the prime factors of 2528680155?
3, 5, 168578677
What are the prime factors of 150483791?
150483791
What are the prime factors of 280581723?
3, 31175747
What are the prime factors of 1149325235?
5, 127, 251, 7211
What are the prime factors of 8388824338?
2, 4194412169
List the prime factors of 756739892.
2, 61, 3101393
What are the prime factors of 13919918?
2, 37, 188107
What are the prime factors of 1608954184?
2, 201119273
What are the prime factors of 158742321?
3, 19, 37, 75269
What are the prime factors of 1803011888?
2, 127, 389, 2281
What are the prime factors of 412306845?
3, 5, 107, 256889
What are the prime factors of 154728277?
11, 47, 299281
List the prime factors of 646779729.
3, 3163, 68161
List the prime factors of 29024752.
2, 1814047
List the prime factors of 42793599.
3, 101, 141233
What ar